Convert 0 (base 4) to base 10.
0
What is -21 (base 12) in base 5?
-100
What is -33 (base 10) in base 6?
-53
What is -2 (base 4) in base 3?
-2
102 (base 8) to base 9
73
What is -1 (base 16) in base 14?
-1
-3 (base 9) to base 14
-3
2 (base 9) to base 3
2
3 (base 11) to base 16
3
What is -15 (base 16) in base 14?
-17
-3 (base 12) to base 4
-3
What is 33 (base 7) in base 12?
20
Convert -13 (base 5) to base 14.
-8
-22 (base 11) to base 6
-40
Convert -4 (base 13) to base 3.
-11
Convert 34 (base 13) to base 5.
133
Convert -140 (base 9) to base 7.
-225
7 (base 15) to base 5
12
-21 (base 4) to base 11
-9
What is -111011 (base 2) in base 7?
-113
Convert -23 (base 7) to base 5.
-32
-6 (base 10) to base 9
-6
Convert 63 (base 7) to base 16.
2d
What is 106 (base 7) in base 3?
2001
75 (base 16) to base 7
225
55 (base 6) to base 2
100011
Convert 4 (base 14) to base 3.
11
Convert 5 (base 12) to base 6.
5
251 (base 6) to base 3
10211
-10 (base 3) to base 10
-3
Convert 21 (base 11) to base 5.
43
Convert 111 (base 4) to base 14.
17
Convert 10 (base 3) to base 8.
3
What is 0 (base 4) in base 15?
0
Convert -33 (base 14) to base 3.
-1200
Convert 8 (base 16) to base 8.
10
Convert 12 (base 6) to base 5.
13
1 (base 12) to base 10
1
Convert 5 (base 7) to base 15.
5
Convert 11 (base 8) to base 2.
1001
Convert -5 (base 14) to base 5.
-10
-3 (base 5) to base 7
-3
What is -11 (base 5) in base 12?
-6
Convert -3 (base 4) to base 10.
-3
What is 222 (base 3) in base 11?
24
What is 68 (base 12) in base 2?
1010000
86 (base 9) to base 12
66
-2 (base 12) to base 14
-2
Convert 0 (base 9) to base 8.
0
Convert 0 (base 5) to base 9.
0
Convert -108 (base 10) to base 7.
-213
What is 11 (base 2) in base 4?
3
What is 1c (base 13) in base 9?
27
What is 1 (base 5) in base 14?
1
Convert 222 (base 4) to base 9.
46
What is -129 (base 10) in base 8?
-201
-11001 (base 2) to base 5
-100
What is -1 (base 14) in base 6?
-1
2 (base 8) to base 10
2
-158 (base 12) to base 14
-112
What is -10010 (base 2) in base 7?
-24
What is 10 (base 9) in base 13?
9
Convert 1034 (base 5) to base 11.
121
Convert 12 (base 15) to base 3.
122
4 (base 12) to base 10
4
What is 3 (base 16) in base 9?
3
What is -122 (base 7) in base 13?
-50
-21 (base 7) to base 6
-23
Convert 2 (base 13) to base 5.
2
-10 (base 3) to base 16
-3
Convert -11 (base 6) to base 12.
-7
-104 (base 6) to base 3
-1111
Convert -87 (base 13) to base 8.
-157
What is -1010 (base 2) in base 4?
-22
Convert 221 (base 4) to base 7.
56
What is -1 (base 8) in base 3?
-1
Convert -19 (base 13) to base 12.
-1a
What is 18 (base 11) in base 16?
13
Convert -70 (base 9) to base 12.
-53
Convert -3 (base 4) to base 12.
-3
What is 10 (base 7) in base 2?
111
-20 (base 4) to base 7
-11
What is af (base 16) in base 3?
20111
Convert 113 (base 5) to base 10.
33
What is 231 (base 5) in base 4?
1002
bd (base 14) to base 6
435
What is 140 (base 5) in base 9?
50
-a7 (base 15) to base 8
-235
-2 (base 15) to base 16
-2
6c (base 15) to base 5
402
What is -3 (base 6) in base 8?
-3
3 (base 16) to base 13
3
0 (base 14) to base 16
0
What is -21 (base 3) in base 12?
-7
What is 223 (base 7) in base 3?
11021
What is -55 (base 6) in base 4?
-203
What is -5 (base 10) in base 9?
-5
What is 1 (base 15) in base 11?
1
What is -3 (base 8) in base 2?
-11
-149 (base 10) to base 2
-10010101
What is 12 (base 10) in base 3?
110
Convert 36 (base 7) to base 9.
30
2 (base 16) to base 12
2
Convert 19 (base 15) to base 11.
22
-28 (base 14) to base 7
-51
What is 7 (base 8) in base 2?
111
What is 0 (base 14) in base 9?
0
What is 21 (base 16) in base 4?
201
-10 (base 7) to base 14
-7
24 (base 6) to base 12
14
2 (base 4) to base 8
2
What is 47 (base 12) in base 2?
110111
Convert 45 (base 7) to base 16.
21
What is -5 (base 6) in base 4?
-11
Convert 8 (base 10) to base 7.
11
-322 (base 6) to base 16
-7a
What is 17 (base 15) in base 10?
22
What is 5 (base 11) in base 4?
11
Convert 0 (base 3) to base 5.
0
Convert 0 (base 11) to base 4.
0
-23 (base 6) to base 7
-21
What is -111 (base 2) in base 4?
-13
Convert -1 (base 7) to base 6.
-1
-15 (base 9) to base 8
-16
Convert 3 (base 8) to base 2.
11
Convert -222 (base 3) to base 2.
-11010
What is -24 (base 8) in base 11?
-19
9 (base 16) to base 5
14
-2 (base 4) to base 11
-2
-343 (base 10) to base 6
-1331
What is -40 (base 7) in base 16?
-1c
-162 (base 8) to base 11
-a4
What is -1 (base 3) in base 10?
-1
10 (base 8) to base 3
22
Convert -30 (base 5) to base 9.
-16
What is 1c (base 13) in base 15?
1a
Convert -a (base 13) to base 7.
-13
0 (base 15) to base 9
0
Convert 5 (base 12) to base 6.
5
9 (base 14) to base 3
100
48 (base 12) to base 5
211
Convert 50 (base 13) to base 6.
145
What is 3 (base 13) in base 4?
3
What is 11011 (base 4) in base 5?
2300
-11 (base 5) to base 8
-6
21 (base 13) to base 3
1000
-100110 (base 2) to base 13
-2c
-65 (base 9) to base 10
-59
4 (base 12) to base 9
4
3 (base 12) to base 15
3
23 (base 7) to base 15
12
Convert 202 (base 5) to base 6.
124
18 (base 15) to base 4
113
What is -212 (base 6) in base 3?
-2222
What is 21 (base 14) in base 10?
29
Convert -13 (base 16) to base 10.
-19
Convert 116 (base 7) to base 9.
68
Convert -1 (base 14) to base 11.
-1
What is 58 (base 10) in base 4?
322
-20 (base 5) to base 16
-a
Convert -44 (base 10) to base 13.
-35
e (base 15) to base 13
11
Convert -8c (base 14) to base 16.
-7c
What is 80 (base 11) in base 14?
64
What is 11 (base 3) in base 14?
4
What is -3010 (base 4) in base 5?
-1241
Convert 5 (base 14) to base 6.
5
-21 (base 6) to base 11
-12
Convert -101 (base 2) to base 10.
-5
3 (base 14) to base 6
3
-10 (base 9) to base 14
-9
4a (base 11) to base 10
54
Convert -16 (base 10) to base 15.
-11
What is -173 (base 11) in base 13?
-126
146 (base 12) to base 11
170
1 (base 10) to base 9
1
What is -100 (base 3) in base 9?
-10
What is -41 (base 9) in base 14?
-29
What is 3 (base 12) in base 8?
3
Convert -2 (base 9) to base 2.
-10
115 (base 6) to base 13
38
What is 301 (base 4) in base 15?
34
144 (base 6) to base 8
100
7 (base 8) to base 13
7
11 (base 4) to base 2
101
Convert -1 (base 7) to base 9.
-1
What is -330 (base 5) in base 9?
-110
-15 (base 8) to base 13
-10
What is -54 (base 8) in base 9?
-48
What is 132 (base 5) in base 14?
30
35 (base 13) to base 8
54
Convert 48 (base 12) to base 9.
62
What is 500 (base 6) in base 12?
130
Convert -1 (base 13) to base 9.
-1
-422 (base 5) to base 16
-70
What is -3 (base 14) in base 15?
-3
What is -6 (base 14) in base 10?
-6
What is -10 (base 11) in base 6?
-15
What is 5 (base 7) in base 15?
5
Convert -1 (base 10) to base 2.
-1
What is -5 (base 8) in base 16?
-5
What is -2 (base 10) in base 13?
-2
0 (base 9) to base 5
0
-4 (base 10) to base 16
-4
Convert 2 (base 5) to base 16.
2
Convert -4 (base 12) to base 8.
-4
What is 46 (base 14) in base 13?
4a
What is 11 (base 2) in base 12?
3
Convert -17 (base 10) to base 9.
-18
-4 (base 12) to base 15
-4
Convert 4 (base 5) to base 11.
4
-14 (base 10) to base 8
-16
What is -135 (base 8) in base 9?
-113
-26 (base 12) to base 2
-11110
Convert 1120 (base 3) to base 11.
39
What is 162 (base 12) in base 15?
e8
-10101 (base 2) to base 14
-17
Convert 11 (base 2) to base 8.
3
Convert 1 (base 15) to base 12.
1
-241 (base 6) to base 15
-67
-21 (base 4) to base 5
-14
What is -3 (base 15) in base 9?
-3
-114 (base 7) to base 12
-50
Convert 45 (base 6) to base 9.
32
What is -111 (base 2) in base 3?
-21
f (base 16) to base 12
13
Convert 23 (base 8) to base 5.
34
1 (base 2) to base 15
1
-1 (base 11) to base 6
-1
What is 2 (base 12) in base 4?
2
22 (base 15) to base 7
44
10100000 (base 2) to base 11
136
-110 (base 8) to base 3
-2200
Convert -12 (base 13) to base 10.
-15
Convert 22 (base 5) to base 12.
10
0 (base 12) to base 8
0
What is -230 (base 4) in base 9?
-48
3 (base 10) to base 16
3
Convert -100 (base 3) to base 16.
-9
Convert 7 (base 9) to base 11.
7
Convert -24 (base 6) to base 10.
-16
-10 (base 9) to base 3
-100
What is -1 (base 6) in base 14?
-1
Convert 2 (base 9) to base 13.
2
Convert 21 (base 3) to base 2.
111
Convert 0 (base 9) to base 12.
0
What is 4 (base 9) in base 14?
4
-5 (base 16) to base 13
-5
What is -57 (base 9) in base 4?
-310
What is -6 (base 8) in base 5?
-11
0 (base 2) to base 15
0
27 (base 12) to base 11
29
What is -15 (b